e remainder when 67 is divided by l.
31
Suppose -3*m - 28 = -5*y - 4*m, 0 = -3*y - m + 18. Suppose 2*p - 2*a = 50, -y*p + a + 90 = -31. Calculate the remainder when p is divided by 5.
4
Let q = 4 + 2. Suppose 0 = -2*l + q - 0. Suppose 24 = l*k - 2*d - 0*d, -d = -3*k + 24. Calculate the remainder when 31 is divided by k.
7
Suppose y + 2*y = 0. Suppose y = -5*g + 87 + 3. Suppose 4*n + 4*u - 59 = 3*n, -2*u = -4. Calculate the remainder when n is divided by g.
15
Suppose -3*d + 55 + 161 = 0. Let y be (78/(-18))/((-2)/d). Let r = y + -107. Calculate the remainder when r is divided by 17.
15
Let g = -338 - -395. What is the remainder when 110 is divided by g?
53
Suppose -69*q + 16*q + 7473 = 0. Calculate the remainder when q is divided by 28.
1
Suppose 0 = -460*y + 456*y + 220. What is the remainder when 384 is divided by y?
54
Suppose -5*z = -5*d - 15 - 5, 2*z - 13 = 3*d. Calculate the remainder when 103 - (d/2 - 6/12) is divided by 36.
34
Let p = 37 + -34. Let l be (-224)/(-22) - (-2)/(-11). Suppose -l + 28 = p*v. What is the remainder when 22 is divided by v?
4
Suppose 4*i = -4*j + 88, 0 = 1731*j - 1732*j + 1. Let b(s) = 11*s**2 - 2*s - 1. What is the remainder when i is divided by b(-1)?
9
Suppose -4*b - 3*o = -333, 249 = 6*b - 3*b + 2*o. Let f = b - 62. Calculate the remainder when 55 is divided by f.
17
Let p = 7 - 13. Let n be p/(-10)*(-30)/(-3). Suppose -22 = -n*s + 4*s. Calculate the remainder when 21 is divided by s.
10
Let k(g) = 63*g + 5. Let a = 40 + -39. What is the remainder when k(a) is divided by 10?
8
Suppose 84 + 30 = 6*q. Calculate the remainder when 93 is divided by q.
17
Suppose 2*l + 4*a - 82 = 0, 4*l + 5*a - 224 = -45. Calculate the remainder when l is divided by 5/(-30) + 220/24.
6
Suppose 4*l - 31 + 4 = 3*o, -4*o = -12. What is the remainder when 79 is divided by l?
7
Suppose -365 = -4*b + 247. Let y = b - 147. Calculate the remainder when 9 is divided by y.
3
Suppose 4*b + 5*p - 18 - 11 = 0, -5*b - p + 31 = 0. Calculate the remainder when (-7 - 275/(-44))/(2/(-88)) is divided by b.
3
Let z(a) = -a**2 + 3*a + 2. Let y be z(3). Suppose -3*f + 9 = 0, 0 = -4*g + f + 142 + 3. What is the remainder when g is divided by 4/y*6 + -2?
7
Let s = 31 + -28. What is the remainder when ((-3)/(-9))/(s/495) is divided by 14?
13
Suppose 0*w = -3*w + 9. Suppose 15 = -3*j, -w*t = -0*j + j - 73. Let p = -5517 + 5594. What is the remainder when p is divided by t?
25
Let h(u) be the first derivative of 1/3*u**3 + 3*u + 3/2*u**2 + 1. What is the remainder when h(5) is divided by 11?
10
Suppose 5*d + 21 - 101 = 0. Suppose -9*g + 8*g = -d. Let t = 27 - g. Calculate the remainder when 43 is divided by t.
10
What is the remainder when -1 - -111 - (0 + -3) is divided by 39?
35
Let h(j) = 17*j - 18*j + 8*j. Let v be h(7). Let c = 18 + v. What is the remainder when c is divided by 23?
21
Suppose 76*w = -87*w + 180*w - 187. Calculate the remainder when w is divided by 20/6 + 1/(-3).
2
Let k = 20 - 20. Let a = 3 - -4. Suppose -a = -r - k. What is the remainder when 13 is divided by r?
6
Let s = -174 + 217. What is the remainder when 255 is divided by s?
40
Let g be 80/30*6/4. Suppose g*f + 3 = 55. Let x = f - 11. What is the remainder when x is divided by 2?
0
Suppose -4*a + 196 = 4*i, 4*a + i - 108 = 85. What is the remainder when 189 is divided by a?
45
What is the remainder when (-33)/(-110) - 6348/(-40) is divided by 9?
6
Let o = 9 + -6. What is the remainder when 15/(6 + -3) - -1 is divided by o?
0
Let p be (3/6)/(3*3/(-54)). Calculate the remainder when 6 + 95 + (-8 - p) is divided by 33.
30
Suppose 4*f - 6*f + 46 = -5*z, -z - 3*f = -1. Let a = z + 27. Calculate the remainder when a is divided by 7.
5
Suppose -g - 37 = -2*l, l - 3*l + 42 = -2*g. Suppose 0 = 4*u - 0*u + l. Let b(h) = -4*h - 6. Calculate the remainder when 39 is divided by b(u).
9
Let p be 4*-3*(-1 - 4). Suppose -5*o - 18 = -3*d + p, 2*d - 2*o - 48 = 0. What is the remainder when d is divided by 3?
0
Let f(h) = h**2 + 16*h + 149. Calculate the remainder when f(-11) is divided by 11.
6
Let c(q) be the first derivative of q**4/4 - 3*q**3 - 4*q**2 - 4*q + 5. Calculate the remainder when 46 is divided by c(10).
14
Let s = 357 + -323. Calculate the remainder when 270 is divided by s.
32
Let m = -562 - -820. What is the remainder when m is divided by 90?
78
Suppose 250 = 3*c + 67. Suppose 0 = -q - 3*s + 2 + 9, -2*s = -5*q + 89. Calculate the remainder when c is divided by q.
10
Calculate the remainder when ((-284)/(-6))/((-4)/(-6)) is divided by 46 + -8 - (3 + -1).
35
Let w be (-3)/2*40/(-15). What is the remainder when 25 is divided by (-48)/(-18)*21/w?
11
Let t(k) = 2*k**2 + 62*k - 43. Let q be t(-32). Suppose 0*u = -4*u - 4*c + 116, 50 = 2*u + 4*c. Let b = u + q. Calculate the remainder when b is divided by 28.
26
Calculate the remainder when ((-36)/54)/((-2)/234) is divided by 25.
3
Suppose 0 = -4*p + 8, -2*w - 3*p = p - 112. Calculate the remainder when 153 is divided by w.
49
Let n be 1/((-868)/584 + (-3)/(-2)). Suppose -70 = -3*t - 0*t + 5*a, -3*t = -2*a - n. Let b = 12 + -5. Calculate the remainder when t is divided by b.
4
Let i = 10 + -21. What is the remainder when 98 is divided by 2/i - (-1095)/33?
32
Calculate the remainder when (-2)/(-4 + 227/57) is divided by (1 + -3 + 3)*(2 - -27).
27
Calculate the remainder when 306 is divided by (-4 - 136/(-12))/(1/3).
20
Let j be ((-30)/(-25))/((-6)/200). Let n = j - -62. What is the remainder when 109 is divided by n?
21
Suppose 2*b - 30 + 2 = 5*a, -a - 20 = -2*b. Calculate the remainder when 12*-22*(-2)/12 is divided by b.
8
Let j(a) = -27*a**2 + 4. Let z be j(-2). Let v = z + 121. What is the remainder when v is divided by 3?
2
Let z = -236 + 250. Suppose -2*r + 256 = -4*y, -2*r + 4*y - 240 = -4*r. What is the remainder when r is divided by z?
12
Let m = 107 + 9. Calculate the remainder when m is divided by 12.
8
Suppose -753 = 41*x - 44*x. Calculate the remainder when x is divided by 42.
41
Calculate the remainder when 74 is divided by (5 + (-98)/21)*39.
9
Let u = 462 + -389. What is the remainder when 506 is divided by u?
68
Suppose 2*g + p - 84 = -p, 2*p + 106 = 3*g. What is the remainder when 111 is divided by g?
35
Suppose 0 = 4*m - 5*z - 262, 2*z - 15 = -m + 44. Let d = 2 + 61. Let x = -30 + d. Calculate the remainder when m is divided by x.
30
Let f be 1 + -1 - -1*(4 + -12). What is the remainder when 99 is divided by f/(4 + -8) + 8?
9
Let d be -1 - (3 + -181 + -2). Let c = d + -89. Suppose r + c = 4*r. What is the remainder when 89 is divided by r?
29
Suppose -2*b + 193 = 3*k, -8 = b + b. What is the remainder when k is divided by -17*(-6 + (-2 - -7))?
16
Let a(b) = -26*b**3 + b**2 + 9*b + 8. What is the remainder when a(-1) is divided by 5?
1
Suppose -2468 + 15077 = 27*i. Calculate the remainder when i is divided by 5.
2
Suppose -193 = -3*o - 5*j, -29*o = -25*o + 5*j - 259. What is the remainder when 788 is divided by o?
62
Let v(n) = n**2 + 37*n + 275. Calculate the remainder when 26 is divided by v(-9).
3
Let i = -10 + 14. Suppose 4*c = 4, i*p + p + 2*c - 762 = 0. Calculate the remainder when p is divided by 31.
28
Let n(u) = -10*u + 364. Let y = 95 - 68. Calculate the remainder when y is divided by n(35).
13
Suppose 4*c - 13*c = -405. What is the remainder when 133 is divided by c?
43
Suppose -31*x + 9792 = -5181. What is the remainder when x is divided by 44?
43
Suppose 0 = 20*a - 146 - 94. What is the remainder when 30 is divided by a?
6
Let j = 76 - 54. Let t(w) = -w**2 - 8*w - 8. Let v be t(-6). Suppose 3*x - 32 = -2*x + v*z, 4*z = 8. What is the remainder when j is divided by x?
6
Suppose 639*q = 648*q - 783. Let a = -15 + 25. Calculate the remainder when q is divided by a.
7
Let i = -2218 + 2245. What is the remainder when 124 is divided by i?
16
Let z(g) = -14*g - 10 + 4*g**2 - 2*g**2 + 3*g + 32. Calculate the remainder when 31 is divided by z(5).
14
Calculate the remainder when ((-34)/(-3))/(6/333) is divided by 70.
69
Suppose o - 7 = -0. What is the remainder when ((-533)/26)/(3 - (-28)/(-8)) is divided by o?
6
Let s(p) = p**3 - 2*p**2 + 3*p - 3. Let k be s(2). Suppose k*w - 45 = 6. Calculate the remainder when w is divided by 5.
2
Let a(d) = d**3 + 18*d**2 + 9*d + 39. Let v be a(-18). Let m = v + 280. Calcula